 57*r + 7 - 51*r + r**2. What is v(d)?
23
Let z(m) be the second derivative of -m**4/24 - 5*m**3/3 + 79*m**2/2 - 6*m + 3. Let p(r) be the first derivative of z(r). Give p(-8).
-2
Let v = 950 - 957. Let j be 7 + (-3 - v) - (5 + -3). Let c(o) = -o. Let m(l) = 5*l - 2. Let q(u) = 4*c(u) + m(u). What is q(j)?
7
Suppose -5*g - 4 = -19. Let b be (1/(-2))/(2/(-20)). Suppose 0 = 5*u - 5, g*u - 11 = -b*m - 3. Let h(y) = -11*y**3 - y. Calculate h(m).
-12
Let l be (0 - 5)*(-1 - -2). Let n be ((-2)/(l + -1))/((-2)/(-36)). Let d(f) = -2*f + 17. Let o be d(n). Let a(u) = -u + 3. What is a(o)?
-2
Suppose -88*r + 10 = -78*r. Let h be 6/12*(r + -3) + -2. Let k(m) = 4*m**2 + 3*m + 1. Give k(h).
28
Let o(y) be the third derivative of y**4/12 + 20*y**3/3 - 36238*y**2. Suppose -2*z + 2*v - 44 = v, 4*z + v = -94. Give o(z).
-6
Suppose 15*l - 938 = -487 - 496. Let k(a) = 5*a**3 + 9*a**2 + 3*a + 5. Let t(b) = -11*b**3 - 18*b**2 - 7*b - 10. Let p(v) = -5*k(v) - 2*t(v). Give p(l).
-2
Let q(d) = d**2 + 18*d + 23. Let h = -1378 - -1358. What is q(h)?
63
Let a(w) = -w**2 + 14*w + 9. Let d be a(15). Let m(n) = 1122*n - 2232*n + 9 + 1112*n. Give m(d).
-3
Let f be 430/15 + 6/(-9). Let u = 23 - f. Let r(p) be the first derivative of p**3/3 - 3*p - 45. Determine r(u).
22
Let c(y) be the second derivative of 127*y - 1/6*y**3 + 0 + 0*y**2. What is c(4)?
-4
Let i(z) = 27*z + 90. Let h(t) = -25*t - 82. Let y(o) = -14*h(o) - 13*i(o). Determine y(-11).
-11
Suppose 3*b + 4*y = -2*b + 229, -5*y = 4*b - 176. Let t = b + -73. Let v = -28 - t. Let x(z) = z**2 - z - 4. Calculate x(v).
16
Let a(n) be the second derivative of -10*n + 0 - 1/120*n**5 + 0*n**2 - 1/12*n**4 - 5/6*n**3. Let y(m) be the second derivative of a(m). Give y(-7).
5
Let j(y) = -686*y - 523. Let n(r) = -109*r - 87. Let i(w) = 3*j(w) - 19*n(w). Give i(-6).
6
Let k(t) = -36*t**2 + 13*t + 1. Let r(m) = -m**2 - 2*m - 2. Let a(c) = -8*c**2 + 10*c + 6. Let p(w) = -a(w) - 3*r(w). Let v(b) = 2*k(b) + 7*p(b). What is v(1)?
5
Let j(h) be the second derivative of -h**5/20 + h**4/4 + 5*h**2/2 + h. Let g(r) = 6*r - 3*r + 91 - 4*r - 44 - 48. Let s(n) = 3*g(n) + j(n). What is s(3)?
-7
Let f(x) = x**3 - 5*x**2 + 7*x - 6. Let a(k) = -k**3 + k**2 + 4*k + 5. Let t be a(0). Suppose -11 = -4*s + t. Give f(s).
6
Suppose 5*a = -2*l + 3*a + 576, -4*a - 546 = -2*l. Let c = l + -290. Let y(j) = 2*j + 10. What is y(c)?
-4
Let g = -359 + 362. Let k(y) = 90*y + 1 - 6*y**2 + y**g - 90*y. Let h(n) = -n**3 + 5*n**2 - 3*n. Let p be h(2). Determine k(p).
1
Let h be 6 + (-43)/6 + 1339/78 + -17. Let p = 0 - -4. Let v(d) = 2 - 8*d + p - 4 - 3. Determine v(h).
7
Let t(o) = 6*o + 32. Let x = -12826 + 12831. Give t(x).
62
Let u(k) = -44*k + 3. Let b(c) = 102*c - 6. Let h(q) = -3*b(q) - 7*u(q). Let t be (-9)/(((-9)/(-6))/1). Let f be (t/4)/(3/(-10)). Determine h(f).
7
Let s(f) = -f**2 + 73*f + 9. Let p(j) = j**2 - 37*j - 5. Let b(u) = -9*p(u) - 5*s(u). Determine b(-8).
0
Let q(j) = j**2 - 14. Suppose 0 = -7*m - 667 + 709. What is q(m)?
22
Let c(q) = 60*q + 6. Let a = -13726 + 13727. Determine c(a).
66
Suppose 26 = a + 2*y, -y - 34 = 5*a - 110. Let v(s) = 3*s - 42. Calculate v(a).
0
Suppose 27*u = 23*u + 8. Suppose o - 22*x + 2 = -23*x, 0 = u*o + 4*x. Let z(p) = p**2 + 3*p - 3. Calculate z(o).
1
Suppose -r - 4*a = -0*a + 7, 5*a + 40 = 5*r. Let o be r*(-5)/(25/(-4)). Let j(m) be the second derivative of -5*m**3/6 + 3*m**2 + 310*m. What is j(o)?
-14
Let c(u) be the first derivative of u**4/4 - 5*u**3 + 19*u**2/2 - 10*u - 959. Determine c(13).
-101
Let u(w) = -14*w - 9. Let r be u(3). Let m = 101 + r. Let k = -57 + m. Let g(l) = -l**2 - 6*l + 7. Determine g(k).
0
Let m(p) be the second derivative of 5*p**3/3 + 11*p**2/2 - 2325*p. Give m(1).
21
Suppose 127 = -5*x + 107. Let c(o) = -6*o - 10. Suppose -2*l = 3*q - 6*q + 25, -2*l = 2*q. Let k(j) = 3*j + 5. Let y(r) = l*k(r) - 2*c(r). Calculate y(x).
7
Suppose 0 = 38*b + 60*b + 2548. Let f(y) = y**3 + 27*y**2 + 26*y + 5. Give f(b).
5
Let p(i) = 21*i + 24*i + 32*i - 121*i - 26 + 11*i**2 + i**3 + 26*i. Calculate p(-12).
46
Let r be (7 - 3) + (-264)/22 - -17. Suppose -23 = -4*i - 4*l - 7, -2*i - l = -10. Suppose 3*q + i = r. Let s(h) = h. Calculate s(q).
1
Let t(o) = -3*o**2 - 26*o + 3. Let s be 484/(-55) + (-104)/20 + 5. What is t(s)?
-6
Let k(a) = a**2 - 90*a + 877. Let o be k(11). Let x(t) = t**2 - 6*t + 17. Give x(o).
33
Let n(h) = -5*h. Let t(s) = 84*s. Let c(r) = -104*n(r) - 6*t(r). Suppose -11 = -16*v + 27*v. Determine c(v).
-16
Let g(r) = -28*r + 19*r - 12 + 10*r. Let y(j) = 3*j**2 - 126*j + 5. Let z be y(42). What is g(z)?
-7
Let c(y) be the first derivative of -13*y**4/2 - y**3/3 - y**2/2 - 570. Suppose -4*s - 3*v = 10, 9*v = 2*s + 8*v. Calculate c(s).
26
Let z(x) be the second derivative of -32*x**3/3 - 607*x**2 + 308*x + 9. Give z(-19).
2
Let i(x) = -5*x + 21. Let j be i(6). Let z(o) be the third derivative of -o**6/120 - 2*o**5/15 + 3*o**4/8 - o**3/2 - 7*o**2 + 2*o. Determine z(j).
-3
Let z be ((-56)/(-21))/(3/54). Let p(u) = 16 + 14*u + 18 + 15 - z. Suppose 5*t - 5 = q, 2*t - 1 = t - q. Determine p(t).
15
Suppose w = -5*q + 4*w + 22, 0 = -3*q - 5*w - 14. Let t(u) = 3*u**2 + 2*u**3 - 4*u**2 + 2 + 291*u + 273*u - 566*u. What is t(q)?
10
Let h(p) = 147*p**2 + p - 10. Let v(i) = -46*i**2 + 3. Let b(w) = -2*h(w) - 7*v(w). Determine b(-2).
115
Let f be 21/(-28)*(1 + 55/(-15)). Let q(h) = 606*h - 3*h**f - 296*h - 3 - 304*h + h**2. Let o = -4 - -9. Calculate q(o).
-23
Let g(b) = -5 - 3*b + 0*b + 0*b. Let o(u) = 3*u**2 + 4*u - 25. Let p be o(3). Suppose p = -5*f + a - 8, -3*f = -a + 14. Give g(f).
7
Let s = -3036 + 3031. Let i(t) = t**3 + 4*t**2 - 4*t - 13. What is i(s)?
-18
Let g = 468 + -459. Let k(n) = 2*n**3 - 16*n**2 - 24*n + 47. Let y be k(g). Let i(o) = o**3 + 6*o**2 - 10*o - 13. What is i(y)?
8
Suppose 2*b = -5*b - 196. Let k be 1*-2 + (-34 - b). Let h(v) = -3*v**3 + 4*v**3 + 7*v**2 + v - 9*v + 3. Calculate h(k).
3
Let n(c) be the third derivative of c**4/24 - 2*c**3 - 29*c**2 - 3*c. Determine n(21).
9
Let s be 2 + 0 + (-5 - -6). Suppose -5*f + 9 = 3*r - 10, s*r - 9 = 0. Let p(o) = -8*o - 7*o + 13*o + 3. Give p(f).
-1
Suppose -5*g - 128 = -113. Let a(l) = -3*l**2 + 9*l + 2. Let r(c) = -10*c**2 + 30*c + 5. Let h(f) = 7*a(f) - 2*r(f). What is h(g)?
-14
Let z(n) be the third derivative of n**5/60 + n**4/6 - n**3/2 - 2*n**2. Suppose -8*s = -8 - 16. Suppose s*m - 8 = -23. Give z(m).
2
Let g(s) = -6*s + 48. Let t be g(7). Let d(v) = t*v + 3*v - v**2 + 415 - 418. Determine d(4).
17
Let r(k) = k + 0 + 1238*k**3 + 2 - 1242*k**3 - 3*k**2. Let l be (-16)/7 - (-6)/21. Determine r(l).
20
Let s(p) = -p**2 + 5*p + 9. Let c be 2/12 + ((-77)/(-42) - -2). Calculate s(c).
13
Let r(i) = -28 + 7*i**3 + 3*i**3 + i + 5*i**3 + 27. Calculate r(1).
15
Let v(i) be the first derivative of -5*i**3/3 + 5*i**2/2 - 4*i - 45. Let p(d) = d**2 + 2. Let n(h) = -3*p(h) - v(h). Calculate n(-3).
31
Let p(v) = v**3 + 62*v**2 - 75*v - 748. Let n be p(-63). Let t(j) = -j**2 + 2*j + 40. Calculate t(n).
-8
Let a be (-27)/(-6) - (-6)/(-4). Let m(o) = o + 1. Let r(z) be the first derivative of 5*z**2 + z - 145. Let w(x) = a*m(x) - r(x). Give w(-2).
16
Suppose 0 = -5*b + 7*b - 48. Let y = b + -27. Let m(h) = 24*h - 20*h + h**2 - 3 + 4. What is m(y)?
-2
Suppose 7*v = 6*v + a + 3, -3*a = -5*v + 13. Suppose 28*p - v*p = 130. Let s(j) = -j**3 + 5*j**2 + 2*j + 5. Determine s(p).
15
Suppose 7*x - 5*x + 9 = -5*d, x - 1 = 3*d. Let h be (x - -1)/(9/(-18)). Let u(i) = i - 1. Determine u(h).
1
Let j be 50/4 + 182/28 + -9. Let x(w) = -w**2 + 12*w - 18. Determine x(j).
2
Let x be (-1)/((-2)/4) - (15 - 4). Let p be 4 + x + 4 - 1/(-1). Suppose p = w - 4*w. Let y(j) = j**3 + j**2 + 9. What is y(w)?
9
Let v(j) = 251*j - 745. Let o be v(3). Let i(a) = a**3 - 8*a**2 + a - 6. Determine i(o).
2
Let y(d) = -3*d**3 + 11*d**2 - 5*d - 3. Let j(n) = 10*n**3 - 35*n**2 + 16*n + 7. Let m(k) = 2*j(k) + 7*y(k). Calculate m(6).
11
Let t(w) = -19*w**3 - 12*w**2 + 8*w - 7. Let j(i) = -7*i**3 - 4*i**2 + 3*i - 3. Let m(p) = -11*j(p) + 4*t(p). Give m(4).
1
Let i(c) = 2*c**2 - c + 1. Let t(w) = w**3 - w**2 - 2*w + 3. Let q(b) = 3*i(b) + t(b). Suppose -4*j = 2*v + 3*v + 19, 0 = -3*j - 3*v - 15. Determine q(j).
0
Suppose 0 = 6*x - 2*x + 20. Let z(b) = -2 - 1171*b + 1170*b - 1. What is z(x)?